*2 - b. What is h(1)?
7
Let x(d) = -10*d - 4 - 2146077*d**2 + 2146071*d**2 - 4. Determine x(-4).
-64
Suppose -15*u = -90 + 30. Let d(j) be the second derivative of -1/3*j**3 + 1/12*j**u + 4*j + 0 + 2*j**2. Calculate d(3).
7
Let j(u) = -12*u - 93. Let i(c) = -6*c - 46. Let b = -53 - -58. Let q(g) = b*i(g) - 3*j(g). Let o be q(-9). Let y(v) = v**2 + v - 7. Calculate y(o).
13
Let t = 3862 + -3872. Let p(o) = -2*o**2 - 15*o - 8. Give p(t).
-58
Let s(k) = 84*k - 2*k - 77*k - 2*k - 1. Let y(i) = 2*i - 5. Let f(l) = -l + 2. Let z(h) = 5*f(h) + 3*y(h). Let v be z(6). Give s(v).
2
Let d(z) = z**3 + 2*z**2 - z + 3. Let q be d(-3). Let i = -60 + 60. Let n(w) = -5*w**2 - 7*w + 3*w + 4*w**2 - 2 + i*w**2. Determine n(q).
1
Let p(h) = -13*h. Let q(b) = 1210*b. Let z(v) = 561*p(v) + 6*q(v). Determine z(1).
-33
Let l(v) = -2*v**3 - 15*v**2 - 3*v - 1. Let q = -1136 - -1129. Calculate l(q).
-29
Let m(a) = 2*a + 1 - 6*a + 3*a + 5*a**2 - a**3. Suppose -4*i + 6*i + 4*r = -4, 5*r + 4 = -3*i. What is m(i)?
11
Let o(g) = -g**2 + 96*g - 274. Let u be o(3). Let k(x) = -x**3 + 7*x**2 - 10*x - 5. Calculate k(u).
-5
Let y(d) = -1 + 104048226*d**2 + 3*d - 3*d - 104048227*d**2. Suppose -2*h - 2*b = -8, -5*b - 4 + 3 = -2*h. Let t = h - 0. What is y(t)?
-10
Let x(u) = 120*u + 31. Let f(m) = 88*m + 20. Let s(p) = -7*f(p) + 5*x(p). What is s(3)?
-33
Let l(r) = 45 - 14 - 18 - 7 + 3*r. Let a(d) = d + 1. Let g = 0 - -2. Let k(m) = g*a(m) - l(m). Calculate k(5).
-9
Suppose 14*m - 123 + 63 = 4*m. Let h(s) = -s**3 + 6*s**2 + 4*s + 11. Give h(m).
35
Suppose 0*u - 5*u - 150 = 5*g, 2*u + 48 = -5*g. Let h = 23 + u. Let m(f) = -f - 7. Determine m(h).
4
Let z(u) = -2*u**2 + 64*u + 6. Let k = -4721 + 4753. What is z(k)?
6
Let m be (9/4)/((-150)/(-24) + -6). Suppose -m*h - 24 = 21. Let i(v) = v**2 + 2 - 7*v - 8 - 2*v**2. Give i(h).
4
Let u(c) = -c**2 - 5*c - 2. Let x be u(-4). Let l(w) = w**3 + w**2 - 4*w + 3. Let z be l(0). Let m(b) = z*b - 5*b + 0*b + b. What is m(x)?
-2
Let b(l) = 50*l + 22. Let w(q) = 50*q + 54. Let x(u) = 5*b(u) - 4*w(u). Determine x(2).
-6
Let n be (27/(270/200))/(0 + -2). Let z(b) = 13*b - 28*b**2 + 11*b**2 + 18*b**2 + 15. Determine z(n).
-15
Let t(u) = -7*u - 97. Suppose -74*s - 1943 = -907. Determine t(s).
1
Let s(o) = -7 + 4*o**2 + o**3 - 9*o**2 + 8 - 9*o**2 - 5. Let g be s(14). Let x(y) = -y**2 - 5*y - 2. What is x(g)?
2
Let i be 4/10 - (-12)/(-5). Let z(t) = -84*t - 76*t + 178*t - t**3 - 21*t - 3. Calculate z(i).
11
Let m(g) = -27*g + 9. Let t(s) = 20*s - 9. Let u(v) = 3*m(v) + 4*t(v). Give u(-13).
4
Let x(c) = -917*c**2 - 25 - 908*c**2 + 2741*c**2 + 16*c - 915*c**2. What is x(2)?
11
Let g(q) = -1 - 3*q + 22*q**2 + 3*q. Let v(l) = -l**3 + 33*l**2 - 30*l - 62. Let z be v(32). Suppose 0 = -z*m - 4, 2*c = -2*c + 4*m + 4. Determine g(c).
21
Let y(l) = 2*l**3 - 30*l**2 - 24*l + 61. Let a(k) = 3*k**3 - 59*k**2 - 48*k + 120. Let n(q) = 3*a(q) - 5*y(q). Give n(-26).
3
Let t(y) = 2*y + 1. Suppose -5*j - 3*i + 7*i + 11 = 0, 5*j + 2*i - 17 = 0. Let l(x) = 5*x - 4. Let g(h) = j*t(h) - l(h). Give g(-12).
-5
Let v = -1002 - -1006. Let u be v/20 - 62/10. Let t(h) = h**3 + 4*h**2 - 8*h - 5. Give t(u).
-29
Let s(l) = -2*l**3 + 2*l**2 - 8*l - 8. Let x(o) = -3*o**3 + 7*o**2 - 7*o - 6. Let h(d) = -s(d) + x(d). Let i = -1 + 4. Give h(i).
23
Let y(x) be the third derivative of 0*x + 8/3*x**3 + 0 - 1/30*x**5 - 1/4*x**4 + 11*x**2. Let u(c) be the first derivative of y(c). Determine u(-5).
14
Let z(c) be the first derivative of -5*c**2/2 + 17*c + 598. What is z(2)?
7
Let d be 15 + -2 - ((-165)/27 - (-4)/36). Let h(l) = 4*l - 30. Determine h(d).
46
Let c(a) = a - 234 - 240 + 727 - 237. Determine c(-28).
-12
Let m(n) = -2*n**2 + 19*n - 5. Let s be m(9). Let l(r) = -37 + 4*r + s + 4*r + 15 + 7 - r**3 + 4*r**2. What is l(5)?
4
Let w(v) = -v**3 - 17*v**2 + 17*v - 4. Suppose 0 = 1896*d - 1899*d - 54. Calculate w(d).
14
Let m be 0 - (-2 - 1 - 0). Let r(o) = -o**2 - 4 + o + 2 + 2*o**m - 3*o**2. Suppose -116 = 6*t - 134. Calculate r(t).
19
Suppose -2*o = -4*t + 14, 5*t = -0*o + 2*o + 18. Let h(b) = -949*b - 558. Let m(s) = 76*s + 45. Let f(y) = -5*h(y) - 62*m(y). What is f(o)?
33
Let l be (-6)/7*(1 + -8). Let b(r) = -5*r + 3. Let v = -337 + 331. Let w(a) = 4*a - 3. Let u(y) = v*w(y) - 5*b(y). What is u(l)?
9
Let p(m) = -m**2 - 4*m + 3. Let u be p(0). Suppose 3*v - u*l + 1 = -l, -3*v - 3*l = 6. Let d(g) = g - 1. Give d(v).
-2
Let w(v) = v**2 + 14*v + 12. Let m be -32 - -19 - (9 + -6)/3. Determine w(m).
12
Let f(o) be the first derivative of 3*o**4 + o**3/3 + o**2/2 - 531. Calculate f(-1).
-12
Let i(h) be the third derivative of h**5/30 + 29*h**4/24 - 19*h**3/3 + 420*h**2 + 2*h - 2. Give i(-16).
10
Let v(i) = i**2 - 8*i - 17. Let r(u) be the second derivative of 5*u**3/6 + 105*u**2/2 + 312*u. Let j be r(-19). Calculate v(j).
3
Let q(u) = 3*u**2 - 13*u. Let c(l) = -5*l**2 + 25*l + 1. Let s(y) = 4*c(y) + 7*q(y). Suppose 7*j - 4 = 10. Suppose -4*x = -j*x, 4*x = 4*k + 20. Give s(k).
-16
Let f(g) be the third derivative of -g**5/60 - 4*g**3/3 - 508*g**2. Give f(0).
-8
Let i be ((-30)/(-7) - 12/42) + (-31 - -18). Let r(l) be the second derivative of -l**4/12 - 4*l**3/3 + 6*l**2 + 2*l. Calculate r(i).
3
Let l(p) = -12*p - 7*p + 1 + 42*p - 6*p. What is l(2)?
35
Suppose -3*r - 2 - 3 = -5*m, 0 = -m - 2*r + 14. Suppose 5*i = 4*i - m, 2*t - 5*i - 18 = 0. Let w(o) = o**2 + o + 1. Determine w(t).
1
Let g(k) be the first derivative of 2 - 1/3*k**3 - 1/2*k**2 + k. Let x be 40 + -46 - -1*8. Calculate g(x).
-5
Let q(o) = 2*o**2 + 7*o - 6. Let z(k) be the first derivative of k**2/2 + 14*k - 33. Let d be z(-13). Suppose 7*y - 3*y - 5*m = -29, -d = -m. Determine q(y).
24
Let v(l) = 14*l - 1572 + 1562 - 6*l - 5*l**2 + l**3. Calculate v(4).
6
Suppose -2*i + 10 = 2*c, -4*c + 10 = i - 4. Let h(s) = 5*s + 4*s**2 + 8*s**2 - 9 - 4*s**i + s**3. Let u be h(-7). Let q(a) = -a**2 + 5*a + 1. What is q(u)?
1
Let z(w) = w**2 - 6*w + 5. Let h be (28/(-24))/(-7) - 539/(-6). Suppose -3*j - 72 = -h. What is z(j)?
5
Let a(g) = g**2 + 1. Let j = -269 - -268. Let v(w) = 2*w**2 + w - 4. Let p(x) = j*a(x) + v(x). Give p(0).
-5
Let u(d) = -d**2 - 5*d + 1. Let k(c) = 6*c - 106. Let m be k(20). Let w(f) = f**3 - 14*f**2 + f - 22. Let j be w(m). Calculate u(j).
-23
Let g(w) = -w**3 - 10*w**2 + 10*w - 13. Suppose -5*j + 2*l = 342, -58 = -0*j + j - 3*l. Let x = 78 + j. Suppose 44 = 4*u - x*u. Give g(u).
-2
Let b(n) be the second derivative of -n**5/20 + 2*n**4/3 - n**3 - 4*n**2 + n. Let c be 10*15/22 - (-14)/77. Calculate b(c).
-1
Let u(j) = -3*j - 5*j**2 - 13 - 2*j**2 + 2*j**2 - j**3 - 4*j**2. Suppose -4*c - 48 = -4*v - 8, 5 = 5*v. Determine u(c).
14
Suppose -4*p - p + 10 = 0. Suppose 0 = -d + 2*x + p*x + 20, 0 = -2*d + 2*x + 10. Let n be (-1 - (-2 + d))*(1 + 7). Let o(c) = c**2 - 8*c - 5. Calculate o(n).
-5
Let j(o) = 2*o + 1. Let q(i) = 5*i - 2. Let z(d) = 3*j(d) - q(d). Let s be (24/8)/((-7)/7). Give z(s).
2
Suppose 437*q = 440*q - 87. Suppose b + 10 = -3*p, q*p = -4*b + 25*p - 24. Let o(v) = 3*v**2 + 7*v + 5. What is o(b)?
25
Let x(l) = 5*l**3 - 9*l**2 + 14*l. Let d(a) = -a**3 + 2*a**2 - 3*a. Let u = 249 - 240. Let z(o) = u*d(o) + 2*x(o). What is z(2)?
10
Let p(f) = 6*f**3 - f**2 - 9*f + 19. Let z(s) = -s**3 + 2*s**2 + s + 1. Let i(a) = -p(a) - 7*z(a). Determine i(13).
0
Let p(t) = -t**2 - 31*t - 195. Let j be p(-9). Let x(i) be the third derivative of -i**6/120 + i**5/20 + i**2. Calculate x(j).
0
Let p(c) = -c**2 + 0 - 421*c + 424*c + 10. Determine p(8).
-30
Suppose 2*q + 4*w = 4, -16*q + 19*q + 10 = -2*w. Let g be ((-20)/q)/(52/(-78)). Let c(m) = 2*m + 11. What is c(g)?
1
Let p be (-2 + 1)/(2/28). Let l(x) = 2*x - 7. Let o(n) = 4*n - 16. Let f(u) = p*l(u) + 6*o(u). Suppose 124 = -3*t + 130. Give f(t).
-6
Suppose 2*c = -4, -2*c + 9 + 20 = 3*z. Suppose -b = 2*a + z, -4*b + 2*a - 8 = a. Let n be (b - 0)*(-14)/(-42). Let w(p) = -3*p**2 - 2*p - 1. Give w(n).
-2
Let w(y) = y**2 + 9*y + 8. Let k(q) = -12*q. Let f(c) = 4*c. Let m(h) = 8*f(h) + 3*k(h). Let b be m(5). Let x be (0 + b/(-5))*(-18)/8. Give w(x).
8
Let w(a) = -a**3 + 11*a**2 + a - 16. Let r = -158 - -88. Let d = r + 61. Let c(v) = -5*v - 34. Let f be c(d). What is w(f)?
-5
Suppose 4*h - 6 = 2, 2*a + h = 20. Let f(l) = -5*l**2 + 50*l - 51. Let s(j) = j**2 - 10*j + 10. Let t = -63 + 52